ose 44*p - 153388 = -47568. Suppose 9*u - 5002 = p. What is the units digit of u?
3
Suppose -237524 = -2085*s + 2062*s + 261875. What is the units digit of s?
3
Let x(o) = o**2 + 15*o - 28. Let g be x(-17). Suppose -g = 2*a + a. What is the units digit of -1 + (-3 - a) - -2*3?
4
Let g = 12 + 1. Let f be (-1)/(-3)*g + 4/6. Let c(a) = -2*a + 14. What is the units digit of c(f)?
4
Let w be (76/8)/((-3)/426). Let b = -659 - w. What is the tens digit of b?
9
Suppose 3*z + 22*q = 23*q - 838, 2*z + 572 = -2*q. Let k = 167 - z. What is the units digit of k?
8
Let u be 0/((-7)/14*2). Suppose -1560 = -u*h - 3*h. What is the tens digit of h?
2
Suppose g + 0*g - 7 = -5*q, -2*g + 5 = q. Suppose -g*n = 3*d - 310 - 60, 2*d - 244 = -2*n. Suppose -5*r = -14*r + d. What is the tens digit of r?
1
Suppose -16*p = -14*p - 58. Let o(t) = -118 + 109 + p*t + 5*t. What is the tens digit of o(3)?
9
Let k be 10/6 - 1/(12/(-4)). Suppose -3*c = c - 3*g + 204, -3*c = -k*g + 154. Let l = 114 + c. What is the tens digit of l?
6
Suppose -5*h + 2*x = 3329, -1368 = 4*h + x + 1290. Let o = h + 1725. What is the tens digit of o?
6
Let o(w) = 17*w**2 + 20*w - 66. Let k be o(4). Suppose 2*u + 3 = 9, p - k = -2*u. What is the units digit of p?
0
Suppose 2 = -5*l + 42. Suppose -l*x = -x - 2534. What is the units digit of x?
2
What is the hundreds digit of -4 + (-20)/(-2) - (6 + 5 - 17583)?
5
Suppose -106008 + 57617 = -34*h + 202257. What is the thousands digit of h?
7
Suppose 24 = 7*o - 4. Suppose 5*t - 1873 = -o*h + 234, 4*t + h - 1690 = 0. What is the units digit of t?
3
Let w be (-2)/3 + 534/18 + 3. Let g = 36 - w. Suppose g*t = 11 + 145. What is the tens digit of t?
3
What is the thousands digit of 126818/6 + -2 - 10/(-180)*12?
1
Let w = -40231 + 75080. What is the thousands digit of w?
4
Suppose 1523 = -26*a + 13665. Suppose -3*i = -2*p - 4673, -3*i = p - 5128 + a. What is the thousands digit of i?
1
Suppose -344969 = 27*s - 523500 - 671321. What is the units digit of s?
6
Suppose -78*f - 48*f + 3964590 = 0. What is the units digit of f?
5
Suppose 9*y - 4*y = 65. Let j = y - -5. What is the units digit of j?
8
Let j = -3324 - 624. What is the units digit of j/(-66) - 4/(-22)?
0
Suppose -i - 2*v + 13 = 121, 5*v - 324 = 3*i. What is the tens digit of i/648 - 4735/(-6)?
8
Let w be 0 - -193 - (-14)/(-21)*6. Let k = w - 163. What is the tens digit of k?
2
Let m(l) = -l**3 - 9*l**2 + 2*l + 18. Let g be m(-9). Let f = -1 - g. What is the tens digit of f/2*-2 - -40?
4
Suppose -19*b + 23182 = -25933. What is the tens digit of b?
8
Suppose -5*y + 5*d + 12 = 7*d, -20 = -3*y + 2*d. Suppose 0 = 4*i - y*c - 1944, 10*i - 15*i + 2454 = 3*c. What is the units digit of i?
9
Let f = 56 + -57. Let w be (6/(-4) - f)*2014. What is the hundreds digit of w/(-5) - (1 - 6/10)?
2
Suppose -4*o - 4*d = -216, -d - 8 = -4. Suppose -50*h + o*h = 1144. What is the tens digit of h?
4
Let l(u) = u**3 - 11*u**2 + 10*u + 1. Let x be l(10). Let a = x - -7. Suppose 463 + 465 = a*h. What is the hundreds digit of h?
1
Let m(f) be the second derivative of -17*f**5/10 + f**4/12 + 5*f**3/3 + 17*f**2/2 - 94*f. What is the hundreds digit of m(-3)?
9
Let c(i) = 2 + 5*i + 2*i - 15*i + i + 2*i**2. Let a be c(3). What is the tens digit of (10/a)/((-4)/24)?
6
Let c(u) = 11*u + 6. Suppose 4*b + b + 5*s + 15 = 0, 4*b = -5*s - 16. Let z be c(b). Let n(k) = k**3 - 16*k**2 - 11*k + 8. What is the units digit of n(z)?
0
What is the tens digit of (-144)/27*393504/(-128)?
9
Let d(k) = -k**2 + 5*k - 4. Let y be d(3). Suppose -84 = y*r + v, -v = -2*r + r - 42. What is the units digit of (-7)/r - 281/(-6)?
7
Let g(r) = -r**2 + 17*r + 21. Let p be g(-8). Let v = p - -544. What is the hundreds digit of v?
3
Suppose -126*z = -131*z - 40180. What is the tens digit of (-12)/(-90) + z/(-30)?
6
Suppose 0 = 3*u - x - 18450 - 12802, 5*u + 3*x = 52110. What is the tens digit of u?
1
Let x(g) be the first derivative of 2*g**3/3 - 6*g**2 - 9*g - 9. Let b(u) be the first derivative of x(u). What is the tens digit of b(7)?
1
Suppose -4*m + 104 = 360. Suppose 7*a = 351 + 286. Let r = m + a. What is the tens digit of r?
2
Suppose -17*b = 7 + 10. What is the tens digit of (1/b)/(0 + 3/(-1035))?
4
Let v = 506 - 217. Let r = v - 173. Suppose -2*a = g - 120, -a + g = a - r. What is the units digit of a?
9
Let b(u) = -834*u**3 - 40*u**2 + 38*u**2 + 1 + 288*u**3. What is the tens digit of b(-1)?
4
Let p = -105 + 100. What is the tens digit of p/4 - 2919/(-12)?
4
Suppose d + 152 = 3*v - 2807, -4*v + 3967 = 3*d. Suppose v = -j - 3*j. Let f = j - -369. What is the tens digit of f?
2
Suppose 15 = -2*h + 3*q, 3*q - 4 = -h + 2. Let s be (9/h + 5)/((-4)/(-10)). Suppose -2 - 86 = -2*k + 2*r, -194 = -4*k - s*r. What is the units digit of k?
6
Suppose -110*d = -176*d + 285384. What is the units digit of d?
4
Let f(k) = 85*k**2 - 28*k - 156. What is the ten thousands digit of f(-15)?
1
Suppose 2*l = 2*d, -2*l = 3*d - 25 - 0. Suppose -3*k + w - 431 = 0, l*w - 694 = 4*k - 134. Let c = k + 206. What is the tens digit of c?
6
Suppose 981 = 2*t + 3*h, -3*t - 2*t = -2*h - 2443. Suppose t - 123 = 3*j. Let d = j + -53. What is the tens digit of d?
6
Let c(m) = 12*m**2 + 2*m + 212. What is the thousands digit of c(15)?
2
Let p = 10720 - -2599. What is the units digit of p?
9
Suppose 7*i = 11*i + 48. Let v(g) = g**2 + 14*g + 27. Let j be v(i). What is the tens digit of 266/j + (-10)/(-30)?
8
Let d be (-1)/(-2) - (-1 - 10842/12). Let c = -261 + d. What is the units digit of c?
4
Suppose 0 = 213*f - 148*f - 1616030. What is the hundreds digit of f?
8
Let i(s) = 853*s**2 + 3*s. Let m be i(-2). Suppose 0 = 4*o + 2*w - m, -4*w = 3*o + 2*o - 4253. What is the tens digit of o?
5
Let q be -1 + 2 + 9 + -7. Let z(x) = 56*x + 18. What is the tens digit of z(q)?
8
Let m(o) = -13*o**3 + 5*o - 11. Let c(d) = d**3 + d**2 + 2*d. Let v(x) = -3*c(x) - m(x). What is the units digit of v(4)?
9
Suppose -3*v = -j - 814, -2*j - 1046 + 234 = -3*v. Suppose -4*p - v = 152. Let c = 8 - p. What is the tens digit of c?
1
Suppose 93860 = 54*q + 43*q - 78*q. What is the units digit of q?
0
Suppose -10 = -3*t - 1. Suppose t*c - 5*g + 29 = 0, 6*c - 4*c = -3*g + 6. What is the hundreds digit of c/9 + (-10)/6 + 224?
2
Let z = -85 + 116. Suppose z*x - 36*x + 630 = 0. What is the units digit of x?
6
Suppose -11*l = -62556 - 24003. What is the tens digit of l?
6
Let b = -7926 - -8066. What is the units digit of b?
0
Suppose 3*u = -2*v + 4, -u = -2*v + 2*u + 4. Suppose -2*m - 2454 = -4*b - 3*m, -b + v*m + 609 = 0. What is the units digit of b?
3
Suppose 76*y - 1809579 - 354117 = 1606816. What is the thousands digit of y?
9
What is the thousands digit of 19867 - 0 - (2916/(-36))/(-27)?
9
Let q(i) = -4*i**2 - 4*i - 30. Let v be q(-10). Let d = -360 - v. What is the tens digit of d?
3
Suppose 3*s - o + 44 = 2381, 1571 = 2*s - 5*o. Suppose 8*l = s + 1374. What is the tens digit of l?
6
Let h = -15811 + 23098. What is the hundreds digit of h?
2
What is the units digit of (-7)/(-1) + (286/(-33) + 6)*-1347?
9
Let x be ((-1335)/(-89))/(1 + 0 - 2). What is the units digit of (-9)/x - (-64)/(-40)*-759?
5
Let w(j) = 180*j**3 + 8*j + 23. What is the ten thousands digit of w(4)?
1
Let j(f) = 27 - 4 + 7 - 67*f. What is the hundreds digit of j(-5)?
3
Let w be 9 + -3 + -2 + 2940. Suppose 13*f - w - 72 = 0. What is the tens digit of f?
3
Let v(o) = -o**3 - 6*o**2 - 73*o - 4. What is the thousands digit of v(-19)?
6
What is the tens digit of 16/(272/391) + 7531?
5
Let l = -61 - -69. Let w be l/(-2 + (3 - 3)). What is the tens digit of (16/6 + w + 1)*-48?
1
Let y(u) be the first derivative of -15*u**2 + u**2 - 1 - 28*u - 2 - 6. What is the units digit of y(-6)?
0
Let b be (-56)/140 - ((-17)/(-5))/(-1). Suppose 5*o = -b*o + 56. Suppose -q = o*q - 560. What is the units digit of q?
0
Let h = 11091 + -9051. What is the hundreds digit of h?
0
Suppose 0 = 17*y - 179 - 8. Suppose -y*b = -14*b + 444. What is the tens digit of b?
4
Suppose -99*b + 24*b + 267600 = 0. What is the hundreds digit of b?
5
Let g(z) = -2*z**2 + 24*z + 15. Let u be g(11). Let f = -53 + u. What is the hundreds digit of 4/f + (-477)/(-4)?
1
Let w(a) = -3*a**3 - 28*a**2 - 28*a + 4. What is the units digit of w(-15)?
9
What is the units digit of 43982/18 + 736/(-1656)?
